{"id":2257,"date":"2022-05-18T14:36:51","date_gmt":"2022-05-18T07:36:51","guid":{"rendered":"https:\/\/banthothanhphat.com\/?post_type=product&#038;p=2257"},"modified":"2025-07-16T08:52:34","modified_gmt":"2025-07-16T01:52:34","slug":"tranh-truc-chi-tt122-phat-sen","status":"publish","type":"product","link":"https:\/\/tranhtrucchithucong.vn\/?product=tranh-truc-chi-tt122-phat-sen","title":{"rendered":"TRANH TR\u00daC CH\u1ec8 TT122"},"content":{"rendered":"<p>&nbsp;<\/p>\n<p><img loading=\"lazy\" decoding=\"async\" class=\"alignnone size-medium wp-image-2725\" src=\"https:\/\/banthothanhphat.com\/wp-content\/uploads\/2022\/05\/z3366304487034_edf6f2118ba25dc3b6518b31963e0d41-Copy-Copy-300x400.jpg\" alt=\"\" width=\"300\" height=\"400\" \/> <img loading=\"lazy\" decoding=\"async\" class=\"alignnone size-medium wp-image-2724\" src=\"https:\/\/banthothanhphat.com\/wp-content\/uploads\/2022\/05\/z3366304486274_36908caa39c1f1fbbfa57f9e7f2409fc-Copy-Copy-300x400.jpg\" alt=\"\" width=\"300\" height=\"400\" \/><img loading=\"lazy\" decoding=\"async\" class=\"alignnone size-medium wp-image-2735\" src=\"https:\/\/banthothanhphat.com\/wp-content\/uploads\/2022\/05\/z3366304540572_048d3d1d752363d6accc8f60ba9dc091-2-236x400.jpg\" alt=\"\" width=\"236\" height=\"400\" \/><\/p>\n<p><strong>Tranh tr\u00fac ch\u1ec9 TT122\u00a0 <\/strong>l\u00e0 bi\u1ec3u t\u01b0\u1ee3ng c\u1ee7a s\u1ef1 t\u00f4n kinh \u0111\u1ebfn v\u1edbi ph\u1eadt<\/p>\n<p>v\u1edbi ch\u1eef ph\u1eadt \u0111\u01b0\u1ee3c c\u00e1ch \u0111i\u1ec7u th\u00e0nh h\u00ecnh c\u1ee7a ph\u1eadt t\u1eed c\u00fai \u0111\u1ea7u tr\u01b0\u1edbc ph\u1eadt t\u1ed5.<\/p>\n<p>tranh trr\u00f2n \u0111\u01b0\u1eddng k\u00ednh D41 ,\u00a0 D48 , D61&#8230;..<\/p>\n<ul>\n<li>M\u00e0u s\u1eafc : tu\u1ef3 ch\u1ecdn<\/li>\n<li>B\u1ea3o h\u00e0nh : 2 n\u0103m \u0111\u00e8n led . 10 n\u0103m tranh n\u1ec1n<\/li>\n<li>Li\u00ean h\u1ec7 ngay v\u1edbi ch\u00fang t\u00f4i \u0111\u1ec3 \u0111\u01b0\u1ee3c gi\u00e1 \u01b0u \u0111\u00e3i nh\u1ea5t<\/li>\n<li>0936151383 &#8211; 0767.04.6789<\/li>\n<\/ul>\n<p>&nbsp;<\/p>\n","protected":false},"excerpt":{"rendered":"<p>&nbsp; Tranh tr\u00fac ch\u1ec9 TT122\u00a0 l\u00e0 bi\u1ec3u t\u01b0\u1ee3ng c\u1ee7a s\u1ef1 t\u00f4n kinh \u0111\u1ebfn v\u1edbi ph\u1eadt v\u1edbi ch\u1eef ph\u1eadt \u0111\u01b0\u1ee3c c\u00e1ch \u0111i\u1ec7u th\u00e0nh h\u00ecnh c\u1ee7a ph\u1eadt t\u1eed c\u00fai \u0111\u1ea7u tr\u01b0\u1edbc ph\u1eadt t\u1ed5. tranh trr\u00f2n \u0111\u01b0\u1eddng k\u00ednh D41 ,\u00a0 D48 , D61&#8230;.. M\u00e0u s\u1eafc : tu\u1ef3 ch\u1ecdn B\u1ea3o h\u00e0nh : 2 n\u0103m \u0111\u00e8n led . 10 n\u0103m&#8230;<\/p>\n","protected":false},"featured_media":2652,"comment_status":"open","ping_status":"closed","template":"","meta":[],"product_brand":[],"product_cat":[26,171],"product_tag":[155,156,125],"class_list":{"0":"post-2257","1":"product","2":"type-product","3":"status-publish","4":"has-post-thumbnail","6":"product_cat-tranh-truc-chi-vuong-tranh-truc-chi-vuong","7":"product_cat-tranh-truc-chi-vuong","8":"product_tag-tranh-chu-phat","9":"product_tag-tranh-tron-phat-sen","10":"product_tag-tranh-truc-chi","12":"first","13":"instock","14":"shipping-taxable","15":"product-type-simple"},"_links":{"self":[{"href":"https:\/\/tranhtrucchithucong.vn\/index.php?rest_route=\/wp\/v2\/product\/2257","targetHints":{"allow":["GET"]}}],"collection":[{"href":"https:\/\/tranhtrucchithucong.vn\/index.php?rest_route=\/wp\/v2\/product"}],"about":[{"href":"https:\/\/tranhtrucchithucong.vn\/index.php?rest_route=\/wp\/v2\/types\/product"}],"replies":[{"embeddable":true,"href":"https:\/\/tranhtrucchithucong.vn\/index.php?rest_route=%2Fwp%2Fv2%2Fcomments&post=2257"}],"wp:featuredmedia":[{"embeddable":true,"href":"https:\/\/tranhtrucchithucong.vn\/index.php?rest_route=\/wp\/v2\/media\/2652"}],"wp:attachment":[{"href":"https:\/\/tranhtrucchithucong.vn\/index.php?rest_route=%2Fwp%2Fv2%2Fmedia&parent=2257"}],"wp:term":[{"taxonomy":"product_brand","embeddable":true,"href":"https:\/\/tranhtrucchithucong.vn\/index.php?rest_route=%2Fwp%2Fv2%2Fproduct_brand&post=2257"},{"taxonomy":"product_cat","embeddable":true,"href":"https:\/\/tranhtrucchithucong.vn\/index.php?rest_route=%2Fwp%2Fv2%2Fproduct_cat&post=2257"},{"taxonomy":"product_tag","embeddable":true,"href":"https:\/\/tranhtrucchithucong.vn\/index.php?rest_route=%2Fwp%2Fv2%2Fproduct_tag&post=2257"}],"curies":[{"name":"wp","href":"https:\/\/api.w.org\/{rel}","templated":true}]}}