{"id":2568,"date":"2022-06-30T21:28:03","date_gmt":"2022-06-30T14:28:03","guid":{"rendered":"https:\/\/banthothanhphat.com\/?post_type=product&#038;p=2568"},"modified":"2025-07-17T08:59:58","modified_gmt":"2025-07-17T01:59:58","slug":"tranh-truc-chi-tt789","status":"publish","type":"product","link":"https:\/\/tranhtrucchithucong.vn\/?product=tranh-truc-chi-tt789","title":{"rendered":"TRANH TR\u00daC CH\u1ec8 TT789"},"content":{"rendered":"<p>&nbsp;<\/p>\n<p><img loading=\"lazy\" decoding=\"async\" class=\"alignnone size-medium wp-image-2804\" src=\"https:\/\/tranhtrucchithucong.vn\/wp-content\/uploads\/2022\/06\/z4430944780962_8d76c08111e354a00207ebe50a033dfd-300x400.jpg\" alt=\"\" width=\"300\" height=\"400\" \/><\/p>\n<p><strong>Tranh tr\u00fac ch\u1ec9 \u0111\u00f4i tt789 &#8211; T\u00f9ng\u00a0 C\u00fac Tr\u00fac Mai <\/strong>l\u00e0 m\u1eabu tranh trang tr\u00ed 2 b\u00ean b\u00e0n th\u1edd \u0111\u1ec3 ph\u00f9 h\u1ee3p v\u1edbi kh\u00f4ng gian th\u1edd r\u1ed9ng r\u00e3i , c\u00f3 th\u1ec3 treo \u1edf ph\u00f2ng kh\u00e1ch.<\/p>\n<ul>\n<li>Khung g\u1ed7 s\u1ed3i , h\u1ec7 th\u1ed1ng led b\u1ea3o h\u00e0nh 02 n\u0103m , m\u00e0ng tranh b\u1ea3o h\u00e0nh 10 n\u0103m.<\/li>\n<li>mi\u1ec5n ph\u00ed v\u1eadn chuy\u1ec3n , l\u1eafp \u0111\u1eb7t<\/li>\n<li>Li\u00ean h\u1ec7 0767046789 &#8211; 0936.151.383 \u0111\u1ec3 \u0111\u01b0\u1ee3c gi\u00e1 t\u1ed1t nh\u1ea5t.<\/li>\n<\/ul>\n","protected":false},"excerpt":{"rendered":"<p>&nbsp; Tranh tr\u00fac ch\u1ec9 \u0111\u00f4i tt789 &#8211; T\u00f9ng\u00a0 C\u00fac Tr\u00fac Mai l\u00e0 m\u1eabu tranh trang tr\u00ed 2 b\u00ean b\u00e0n th\u1edd \u0111\u1ec3 ph\u00f9 h\u1ee3p v\u1edbi kh\u00f4ng gian th\u1edd r\u1ed9ng r\u00e3i , c\u00f3 th\u1ec3 treo \u1edf ph\u00f2ng kh\u00e1ch. Khung g\u1ed7 s\u1ed3i , h\u1ec7 th\u1ed1ng led b\u1ea3o h\u00e0nh 02 n\u0103m , m\u00e0ng tranh b\u1ea3o h\u00e0nh 10 n\u0103m. mi\u1ec5n&#8230;<\/p>\n","protected":false},"featured_media":2569,"comment_status":"open","ping_status":"closed","template":"","meta":[],"product_brand":[],"product_cat":[113],"product_tag":[209],"class_list":{"0":"post-2568","1":"product","2":"type-product","3":"status-publish","4":"has-post-thumbnail","6":"product_cat-tranh-truc-chi-cap","7":"product_tag-tranh-truc-chi-cap","9":"first","10":"instock","11":"shipping-taxable","12":"product-type-simple"},"_links":{"self":[{"href":"https:\/\/tranhtrucchithucong.vn\/index.php?rest_route=\/wp\/v2\/product\/2568","targetHints":{"allow":["GET"]}}],"collection":[{"href":"https:\/\/tranhtrucchithucong.vn\/index.php?rest_route=\/wp\/v2\/product"}],"about":[{"href":"https:\/\/tranhtrucchithucong.vn\/index.php?rest_route=\/wp\/v2\/types\/product"}],"replies":[{"embeddable":true,"href":"https:\/\/tranhtrucchithucong.vn\/index.php?rest_route=%2Fwp%2Fv2%2Fcomments&post=2568"}],"wp:featuredmedia":[{"embeddable":true,"href":"https:\/\/tranhtrucchithucong.vn\/index.php?rest_route=\/wp\/v2\/media\/2569"}],"wp:attachment":[{"href":"https:\/\/tranhtrucchithucong.vn\/index.php?rest_route=%2Fwp%2Fv2%2Fmedia&parent=2568"}],"wp:term":[{"taxonomy":"product_brand","embeddable":true,"href":"https:\/\/tranhtrucchithucong.vn\/index.php?rest_route=%2Fwp%2Fv2%2Fproduct_brand&post=2568"},{"taxonomy":"product_cat","embeddable":true,"href":"https:\/\/tranhtrucchithucong.vn\/index.php?rest_route=%2Fwp%2Fv2%2Fproduct_cat&post=2568"},{"taxonomy":"product_tag","embeddable":true,"href":"https:\/\/tranhtrucchithucong.vn\/index.php?rest_route=%2Fwp%2Fv2%2Fproduct_tag&post=2568"}],"curies":[{"name":"wp","href":"https:\/\/api.w.org\/{rel}","templated":true}]}}